+ 6)/1. What is the hundreds digit of s(z)?
4
Let s(v) be the first derivative of v**3 + 41*v**2/2 + 9*v + 2904. Let d(l) = -4*l + 7. Let h be d(6). What is the hundreds digit of s(h)?
1
Let h(d) = -d - 3*d + 0 + 2 - 2*d - d**2. Let s be h(-5). Suppose s*a = 5 + 2. What is the units digit of a?
1
Suppose 2*d - 3*u = -3*d - 1771, u - 1421 = 4*d. Let m = d - -665. Let v = m + -197. What is the hundreds digit of v?
1
Let p(v) = 2*v**2 - 15*v - 103. Let a be p(12). Suppose -a*b + 1574 = 5*i - 201, -5*b = -5*i - 1745. What is the units digit of b?
2
Suppose 55*y - 36*y - 182457 = 0. What is the tens digit of y?
0
Let l(m) be the second derivative of 7/6*m**3 + 7*m - 2*m**2 + 0. What is the tens digit of l(13)?
8
Suppose 118*l = 124*l - 18. What is the units digit of -4*l/96 + (-15588)/(-32)?
7
Suppose -2*p + b = 3182 - 14250, 2*b - 22112 = -4*p. What is the hundreds digit of p?
5
Suppose -461*k + 1057374 = -407*k. What is the hundreds digit of k?
5
Let t be 24/(-204) + (-552)/(-68). Suppose 0 = 3*b + a - 3446, -5*a - 5710 = 3*b - t*b. What is the hundreds digit of b?
1
Suppose -5*w = -3*h - 10, 0 = -h - 3*w + 19 + 1. Let k be ((-5)/2)/h*(-24)/4. What is the tens digit of ((-6)/4)/((-1)/(178/k))?
8
Let b = 13556 - -201. What is the hundreds digit of b?
7
Let q = -249 - -259. What is the units digit of ((-6)/q)/((-1)/795)?
7
Suppose -4*v = -3*g + 2, -3 = 3*g - 5*v - 1. Let k(a) = 39 + a**3 + 3*a**2 - 35 + 2*a**2 - 4*a**2 - g*a. What is the units digit of k(3)?
2
Let b(y) = -y**2 - 16*y + 41. Let r be b(-18). Suppose 6*d - 3*d + 93 = -r*h, -4*h = -3*d - 120. What is the tens digit of (-460)/(-6) + (-12)/d?
7
Let l = -79 + 31281. What is the hundreds digit of l?
2
Suppose 5*h = 4*b + 1, -2*b = 2*b + 4*h - 44. What is the hundreds digit of b - (-2 - 662 - -4)?
6
Suppose 6*y + 222 = 9*y. Suppose 1948 = -y*q + 78*q. What is the hundreds digit of q?
4
Let a(f) = f**3 - 53*f**2 + 202*f + 85. What is the thousands digit of a(53)?
0
Let q(y) = -6*y**3 - 15*y**2 - 24*y + 21. What is the units digit of q(-9)?
6
Let o = 218 - 543. Let m = 1183 + o. What is the tens digit of m?
5
Let s(r) = 2*r**2 - 8. Let c be s(-11). Suppose 0 = -13*h + c - 65. Suppose i - h*i = -456. What is the tens digit of i?
3
Let q be -4 - 13/(13/(-69)). Let f = 1365 - 718. Suppose 0 = 8*x - q - f. What is the units digit of x?
9
Let r(g) = g**2 + 11*g + 2. Let w = 86 + -97. Let b be r(w). Suppose -2*n = -7*n + 5*j + 700, b*j = -4*n + 530. What is the tens digit of n?
3
Let f be (-6)/(-4) + ((-2172)/(-8) - -3). Let u = 943 - f. What is the units digit of u?
7
Let g(l) = -l**2 + 10*l - 4. Let d be g(2). Suppose -s = -5*s + d. What is the tens digit of 5/15 - (-224)/s?
7
Suppose -2*p - 84928 = -8*l, -16517 = -3*l + 5*p + 15331. What is the hundreds digit of l?
6
Let i be ((-216)/189)/((-48)/28 + 2). Let n(g) = 9 + 9*g**2 + 4 - 5. What is the hundreds digit of n(i)?
1
Let d be 9/(-54)*72/(-4). Suppose 5*b = -5*a + 265, -204 - 63 = -5*a - d*b. What is the tens digit of a?
5
Suppose -30 = 4*q + 2*q. What is the hundreds digit of (-10)/(-25) - (-17)/q - -545?
5
Suppose 0 = 6*k - 3*k + 3*k. Let a be (-2 + 1)/((-2)/2006). Suppose k = -10*p - 93 + a. What is the units digit of p?
1
Suppose -7*t + 68 = -3*t - 2*b, 5*t = -b + 71. Suppose 5*r = t - 10. Suppose 18 + r = z. What is the units digit of z?
9
Let f(q) = -1298*q**3 + 29*q**2 + 60*q + 5. What is the ten thousands digit of f(-3)?
3
Suppose -13*f = 5*i - 15*f - 187101, 4*i + 3*f - 149690 = 0. What is the hundreds digit of i?
4
Suppose 126*j - 365750 = 6756526. What is the units digit of j?
6
Suppose 154*a - 158*a + 3*n + 133680 = 0, -33386 = -a + 5*n. What is the thousands digit of a?
3
Let w be (-280)/(-100)*(5 - 0). Let d(x) = x - 23. Let l be d(15). What is the tens digit of ((-1012)/l)/(7/w)?
5
Let t = -230 - -223. What is the tens digit of (13/2)/((-8)/112*t)?
1
Suppose 44*t = -24*t - 26*t + 6576804. What is the hundreds digit of t?
9
Let d(f) = 2*f**2 - 3*f + 116. Let i = 424 + -394. What is the tens digit of d(i)?
2
Let j = -149 + 259. Suppose -10*k + 5*k = -j. Let v = -6 + k. What is the units digit of v?
6
Let v(t) = 2*t**3 - 21*t**2 - 36*t + 512. What is the tens digit of v(19)?
6
Let q(w) = -w**2 + 25*w - 44. Let l be q(23). Suppose l*x = 0, 2*c + 0*x = x + 934. What is the hundreds digit of c?
4
Let f be 1/(-14)*-2 + (-3906)/(-98). Suppose -f = -j - 34. What is the units digit of 148/(-3*(-2 - (-10)/j))?
8
Let v = -2 + 5. Suppose -25 = 2*z + v*z, -5*z = 4*j + 89. What is the units digit of -4*(-4)/64 - 924/j?
8
Let l(r) = -2*r**3 - 12*r**2 - 10. What is the tens digit of l(-16)?
1
Let s be (0 + 3 + -33)*(-60)/24. Let d be 122/18 - 6/(-27). Let p = d + s. What is the tens digit of p?
8
What is the units digit of (-67)/(17/(-170)*10/148)?
6
Suppose 5*z - 8*z - 3327 = -k, 6679 = 2*k - z. Suppose -n + 330 + 1359 = 5*y, 0 = -2*n - y + k. What is the units digit of n?
9
Let u(h) = 3*h**2 - 2*h + 36. Let j be u(18). Let t = j + 276. What is the units digit of t?
8
Suppose -3*m + 17 = -5*z, -z = 3*z - 2*m + 12. Let n be (z - -268)*(2 - 1). Suppose 57 = j + o + 2*o, 0 = -5*j + 3*o + n. What is the tens digit of j?
5
Let o(i) = 46*i + 14. Suppose -242 = -11*l - 44. Suppose -4*r = -0*y + 5*y + 3, 5*r - y - l = 0. What is the units digit of o(r)?
2
Let f(z) = z**3 - 64*z**2 + 18*z + 2. Let h(j) = -65*j**2 + 18*j + 3. Let w(s) = -3*f(s) + 2*h(s). What is the thousands digit of w(19)?
1
Suppose 4*h - 1 + 9 = 0, -5*u = -3*h + 4569. Let p = -576 - u. What is the hundreds digit of p?
3
What is the units digit of 58625/10 - (5 - 11)/12?
3
Let y be (3 - 5)*4/8. What is the units digit of (1 + 6 + -4 + y)*234?
8
Suppose 3*g - 8169 = 3*l + 6678, 9912 = 2*g + 5*l. What is the hundreds digit of g?
9
Suppose 0 = -24*r + 6*r + 1368. Let z = r + 121. What is the units digit of z?
7
Suppose -60490 = 50*s - 164940. What is the thousands digit of s?
2
Suppose 203 = 5*b + 83. Suppose -4*h = y + b, -3*h - 6 = 2*y + 17. What is the hundreds digit of (-4)/(-10) - (y - (-743)/(-5))?
1
Let l = 1862 - -2875. What is the thousands digit of l?
4
Let x(c) = c + 40. Let s be x(15). Suppose -54*n + s*n = 3. Suppose 5*h + 690 = 5*l, -4*h = -2*l - n*h + 275. What is the hundreds digit of l?
1
Let f = -295 + 473. Suppose f = 3*k - 59. What is the units digit of k?
9
Suppose 0 = -4*z + v + 85545, 5*z + 260*v = 263*v + 106940. What is the thousands digit of z?
1
Suppose -3*k = -3*x - 36891, k + 4*x = 2504 + 9793. What is the units digit of k?
7
Let i(y) = -y**3 - 24*y**2 + 11*y - 25. Suppose t + 32 = 2*b + 85, 0 = 3*b - 3*t + 81. What is the tens digit of i(b)?
4
Suppose 11*b - 21937 = 22624 - 429. What is the tens digit of b?
1
Let l(v) = v - 5. Let a be l(-5). Let c be 0 - 25/a*(-8)/(-10). Suppose -5*w = 20, x = -x - c*w + 150. What is the tens digit of x?
7
Suppose -t = -17*v + 21*v - 34325, -2*t + 5*v + 68533 = 0. What is the ten thousands digit of t?
3
Suppose -1386 = -19*v + 1122. What is the units digit of 12/v + 7050/11?
1
Let f(b) = -b**3 + 47*b**2 + 204*b + 8. What is the ten thousands digit of f(45)?
1
Let q = 96160 + -51640. What is the hundreds digit of q?
5
What is the thousands digit of 7 + -16 + -12 - -22116?
2
Let x be -2 + 1 + (-32)/(-8) + 8. Let h(g) = 1 - 5 - g**3 - x*g + 22*g**2 - 30*g**2. What is the units digit of h(-8)?
4
Let y(g) = 7950*g - 3716. What is the units digit of y(7)?
4
Let a(l) = -l**2 + 7*l - 1. Let n be a(8). Let o be (n/2 - -5)*0. Suppose -h + o*h = 5*r - 229, 139 = 3*r - h. What is the tens digit of r?
4
Suppose 0 = -2*i + 4*d - 0*d + 38, -5*i - 4*d + 123 = 0. Let g(n) = 5*n + 38. What is the tens digit of g(i)?
5
Suppose -4*o = -2*j - 2*j + 292, 137 = -2*o - j. Let v = o + 178. What is the units digit of v?
8
Suppose -3*r + 14634 = 2*f, 13*r + 24 = 9*r. What is the hundreds digit of f?
3
Let f(m) = m + 24. Let h be (-23)/(-3) - (-7)/21. Suppose 0 = 2*n + 2*o - h, 5*o + 4 = -11. What is the tens digit of f(n)?
3
Let k = 14551 - -10990. What is the tens digit of k?
4
Let f = 49 - 44. Suppose -f*b = 4*g - 36, 0*b = -g + 3*b - 8. Suppose -5*o + g*v + 655 = 0, -178 - 84 = -2*o - 5*v. What is the units digit of o?
1
Let r(i) = -15089*i + 482. What is the tens digit of r(-3)?
4
Let s = -3567 - -4117. What is the hundreds digit of s?
5
Le